 common factor of 242985 and 240?
15
Calculate the greatest common divisor of 63844 and 65739006.
2902
What is the greatest common divisor of 210 and 1477185?
15
Calculate the highest common factor of 465 and 1796915.
155
What is the greatest common factor of 265 and 219103855?
265
What is the highest common divisor of 255906 and 94227?
21
Calculate the greatest common factor of 1452436 and 68324.
2204
Calculate the highest common factor of 39789 and 504816306.
13263
What is the greatest common factor of 484270348 and 472?
236
Calculate the greatest common factor of 27635875 and 375.
125
Calculate the greatest common divisor of 1236 and 14469234.
618
Calculate the greatest common factor of 18079 and 235633.
101
Calculate the highest common divisor of 119862067 and 28795.
5759
What is the highest common factor of 513 and 7486?
19
Calculate the highest common factor of 1324822 and 3034.
74
Calculate the highest common factor of 71 and 2013475439.
71
Calculate the greatest common factor of 24989891 and 207.
23
Calculate the greatest common factor of 54964 and 825734.
182
What is the highest common divisor of 48 and 192562000?
16
Calculate the highest common factor of 351 and 25181091.
351
Calculate the highest common divisor of 2610 and 62603982.
522
Calculate the highest common divisor of 792 and 227618721.
99
What is the highest common factor of 278832 and 35434272?
7536
What is the greatest common divisor of 1424750 and 230?
10
Calculate the highest common divisor of 46247 and 4596169.
103
Calculate the greatest common factor of 90063182 and 11.
11
What is the greatest common divisor of 5255 and 17096617?
1051
What is the greatest common divisor of 1909 and 6915311?
83
What is the greatest common factor of 2531348060 and 769?
769
What is the highest common divisor of 22803 and 33?
33
What is the highest common divisor of 724735872 and 7252?
7252
Calculate the greatest common factor of 953140471 and 1101.
367
What is the greatest common factor of 7136 and 4158688?
32
Calculate the greatest common factor of 10 and 20010208.
2
What is the greatest common factor of 12801238 and 5916?
986
What is the greatest common factor of 98288 and 123632?
16
Calculate the greatest common divisor of 4102 and 22512362.
586
Calculate the greatest common factor of 46650895 and 922.
461
Calculate the highest common divisor of 34448 and 672192436.
8612
Calculate the highest common factor of 7840 and 13575058.
98
Calculate the highest common factor of 228 and 178997955.
57
Calculate the greatest common factor of 13670 and 22770.
10
Calculate the highest common factor of 1854880 and 3680.
160
What is the greatest common factor of 11628666 and 8610?
1722
Calculate the greatest common divisor of 2205896 and 36421.
77
Calculate the highest common divisor of 1159 and 834461.
19
What is the greatest common divisor of 9394319 and 77?
11
Calculate the highest common factor of 40548 and 75020.
124
What is the greatest common factor of 115062 and 461154?
906
Calculate the greatest common divisor of 2598540 and 273.
21
Calculate the greatest common divisor of 5240559 and 102351.
939
What is the highest common divisor of 28032 and 132276?
876
Calculate the greatest common factor of 188255 and 302795.
115
What is the greatest common factor of 847 and 1797887?
7
What is the greatest common factor of 5594464 and 1106?
158
Calculate the greatest common factor of 16 and 4129060.
4
What is the highest common divisor of 51062 and 3883858?
242
What is the greatest common factor of 1169738937 and 9?
9
Calculate the greatest common divisor of 9843 and 936751.
17
Calculate the highest common divisor of 522329 and 1843.
19
Calculate the greatest common divisor of 756 and 965034.
378
What is the highest common factor of 4032320 and 60?
20
What is the greatest common divisor of 616101 and 138?
69
Calculate the greatest common factor of 519 and 22929.
3
Calculate the greatest common factor of 60967 and 7749.
41
What is the greatest common divisor of 30 and 124503330?
30
Calculate the highest common divisor of 3315620 and 8470.
770
Calculate the greatest common divisor of 497763519 and 347.
347
Calculate the highest common divisor of 80 and 1810360.
40
What is the greatest common factor of 3991020 and 300?
60
Calculate the greatest common factor of 113099 and 101115.
749
Calculate the highest common factor of 710739 and 86013.
4527
What is the greatest common divisor of 250752 and 6336?
192
Calculate the greatest common divisor of 87054772 and 593.
593
What is the highest common divisor of 130 and 62356960?
10
Calculate the greatest common factor of 580834 and 3154.
166
Calculate the greatest common factor of 96 and 144798492.
12
Calculate the highest common divisor of 691084388 and 7864.
3932
Calculate the highest common factor of 194756 and 1444.
4
Calculate the greatest common divisor of 1720019 and 469.
7
What is the greatest common divisor of 84 and 1277418?
6
What is the greatest common divisor of 729 and 12019752?
729
What is the greatest common factor of 954 and 35437761?
477
Calculate the highest common factor of 4343 and 14089079.
43
Calculate the highest common factor of 2005666 and 2002.
26
Calculate the highest common divisor of 67424 and 142884.
196
Calculate the highest common divisor of 3649 and 210863.
41
Calculate the highest common divisor of 163734 and 9831.
87
Calculate the greatest common factor of 53865 and 1862665.
665
What is the highest common divisor of 160819302 and 2?
2
What is the highest common divisor of 925 and 4263584?
37
What is the highest common factor of 76838 and 30213?
373
Calculate the highest common divisor of 350 and 109667300.
50
Calculate the highest common divisor of 896972 and 3816.
212
Calculate the highest common factor of 688 and 2745292.
172
Calculate the highest common divisor of 767062897 and 167.
167
What is the greatest common divisor of 70 and 60313780?
10
What is the greatest common divisor of 8978583 and 57?
57
Calculate the highest common factor of 554 and 53236.
2
What is the greatest common factor of 1550 and 430870?
10
What is the greatest common factor of 1332 and 526356?
36
What is the highest common divisor of 84 and 789999?
21
What is the greatest common factor of 9532 and 65982887?
2383
What is the highest common divisor of 4028310 and 31590?
1170
What is the greatest common factor of 1240 and 29802?
2
Calculate the highest common divisor of 12 and 30782595.
3
Calculate the greatest common divisor of 1721 and 1355.
1
Calculate the greatest common factor of 36 and 19325028.
12
Calculate the highest common divisor of 1379 and 116487.
7
Calculate the highest common factor of 19036 and 102285187.
4759
Calculate the highest common factor of 228232 and 98324.
188
Calculate the greatest common divisor of 2709116275 and 1475.
1475
What is the greatest common factor of 1226206199 and 14122?
7061
What is the greatest common factor of 288454122 and 4266?
4266
What is the greatest common divisor of 122800 and 5250?
50
What is the highest common factor of 7570572 and 433?
433
Calculate the highest common divisor of 1491 and 10028963.
497
What is the greatest common factor of 4562943 and 759?
33
Calculate the highest common factor of 15858320 and 32.
16
Calculate the highest common divisor of 22838 and 18046828.
1202
Calculate the greatest common factor of 288 and 16796052.
36
Calculate the greatest common factor of 418 and 111112342.
418
Calculate the greatest common factor of 812238 and 5825.
233
Calculate the greatest common divisor of 2179552 and 864.
32
What is the greatest common factor of 2172 and 975199764?
2172
What is the greatest common divisor of 1027904 and 3392?
64
Calculate the highest common divisor of 36 and 181561806.
18
Calculate the highest common factor of 2943185 and 105.
35
Calculate the highest common factor of 176354771 and 87.
29
What is the highest common factor of 4338834 and 9060?
906
What is the greatest common divisor of 1705 and 118756?
11
What is the highest common factor of 50085 and 93928455?
2385
What is the greatest common factor of 1452352 and 768?
64
What is the greatest common factor of 496 and 9622?
2
Calculate the greatest common divisor of 147 and 168326760.
147
Calculate the highest common divi